actors of l?
103
Let x(y) = 15*y**3 - 95*y**2 + 763*y + 9. List the prime factors of x(8).
3, 857
Suppose 4*d - 16*d + 540 = 0. Suppose -3*g - d = -7*j + 5*j, -4 = 4*g. List the prime factors of j.
3, 7
Let p = 6090 - 175. List the prime factors of p.
5, 7, 13
Let q be (-5 - (-15)/4)/((-1)/8). Suppose -c + 96 = 3*c. Let k = c - q. List the prime factors of k.
2, 7
Let p = 72 - 78. Let x be (((-3)/p)/1)/((-3)/150). What are the prime factors of (-14)/(-21) + 1 + x/(-3)?
2, 5
Let n(q) = 158*q**3 + 9*q**2 + 10*q - 13. What are the prime factors of n(7)?
2, 11, 113
Let t be 32/(6/(-33) + 2808/14718). Suppose -11*w - 4*u + t = -7*w, -4*w = u - 3559. List the prime factors of w.
7, 127
Suppose -4*q = -5*i - 28, 2*i = -q - 3*q. Suppose -2*l + 1866 = -2*p, -585 = -q*l - p + 1266. List the prime factors of l.
2, 29
Let r(l) = 8*l**2 - 7*l - 82. List the prime factors of r(-8).
2, 3
Let d(q) = 17*q + 11. Let t(b) = -16*b - 9. Let k(h) = 6*d(h) + 5*t(h). List the prime factors of k(6).
3, 17
Let l be 3*(-1)/(-2)*22. Let h be -1 - (-1)/(195/190 - 1). Let m = h - l. What are the prime factors of m?
2
Let k(u) = -8*u - 2. Let h(f) = -20*f - 5. Let w(c) = 4*c + 1. Let p(x) = 2*h(x) + 11*w(x). Let t(a) = -6*k(a) - 13*p(a). List the prime factors of t(-5).
19
Suppose 0 = 4*z - 4*s + 16, 4*z + 0*s = s - 19. Let j be 1/(-2)*(z + -3). Suppose -4*m = 3*v - 187, j*m - 82 = -v - 25. List the prime factors of v.
5, 13
Let v(z) = 2*z**2 + 162*z - 781. List the prime factors of v(43).
9883
Let b(y) = 10*y**2 + 5*y - 1. Let x be b(-5). Let i = x + 375. What are the prime factors of i?
599
Let g(i) = -4*i**3 + i**2 + 4*i + 192. What are the prime factors of g(-10)?
2, 1063
Suppose -3*t + 60405 = -2*w + 1197, -4*t = w - 78955. What are the prime factors of t?
2, 71, 139
Let w be (16/10)/(2/(-15)*-3). Let s(t) = 29*t + 10. Let l be s(w). Suppose -3*n - 164 = -5*a, 4*a - l = -0*a + 5*n. List the prime factors of a.
2, 17
Let z be 0/(-4)*((-9)/3 - -4). Suppose z = 5*g - 10*g. Let l(r) = -r**2 - r + 76. What are the prime factors of l(g)?
2, 19
Let h = -680 - -3233. What are the prime factors of h?
3, 23, 37
Let z = -885 + 4393. List the prime factors of z.
2, 877
Let d(i) = -196*i - 26. Let q be d(-4). Let t = -416 + q. What are the prime factors of t?
2, 3, 19
Let m = 7517 - 3671. List the prime factors of m.
2, 3, 641
Let k = 5027 + -2818. List the prime factors of k.
47
Let b = 64 + 164. Suppose -2*h + 0*h = -2*p + 168, b = 3*p + 3*h. Suppose -142 = -3*k + p. What are the prime factors of k?
2, 37
Let d = 40 - 46. Let z be 8/d - (-688)/48. Suppose -s = 5*w - 16, -w + 51 = 4*s - z. What are the prime factors of s?
2
Let q(u) = 506*u**2 - 15*u + 14. List the prime factors of q(-7).
7, 3559
Let q(u) = 144*u**2 - 165*u - 9. What are the prime factors of q(8)?
3, 11, 239
What are the prime factors of (0 + 2)/(((-2)/(-10))/(5416/16))?
5, 677
Suppose 0 = c - 68*c + 268. Let i(b) = 67*b**2 + 19*b - 7. List the prime factors of i(c).
7, 163
Let n(l) = l**3 - 3*l**2 - l - 3. Let r be n(3). Let m(w) = w**2 + 14*w - 123. Let v(j) = 7*j - 51. Let i(d) = 4*m(d) - 9*v(d). List the prime factors of i(r).
3, 17
Let g be 20/(-4) + 8220/12. Suppose 124 + g = 2*j. List the prime factors of j.
2, 3, 67
Suppose -1404 = -2*x - 11*x. Let d = x + 187. What are the prime factors of d?
5, 59
Let c(x) = x**3 + 8*x**2 - 547*x - 93. What are the prime factors of c(-23)?
29, 157
Let m = -147 + -2009. Let x = m - -3353. What are the prime factors of x?
3, 7, 19
Let s = 21693 + -5747. What are the prime factors of s?
2, 7, 17, 67
Let c = 754 - 748. Let x(w) be the first derivative of -w**4/4 + 4*w**3 + w**2 - 8*w + 7. What are the prime factors of x(c)?
2, 5, 11
Let c = -6114 - -16857. List the prime factors of c.
3, 3581
Let o = -51 + 56. Let n be (-180)/(-50) + (9/o)/(-3). Suppose -11 - n = -b. What are the prime factors of b?
2, 7
Let t(x) = 24*x + 2. Let a be t(1). Let k = -22 + a. Suppose -110 - 30 = -k*h. List the prime factors of h.
5, 7
Let p be 2 + (-9 - 0 - -4). Let o be p/(63/(-6)) + (-1886)/(-14). List the prime factors of (o/(-6))/((-2)/8).
2, 3, 5
Suppose -2*l - 850 = -2*z, 0 = z - 4*l - 272 - 150. Let d = -214 + z. List the prime factors of d.
2, 53
Suppose -6*t + 26643 = -4*t + 5*k, 4*t = 4*k + 53300. List the prime factors of t.
2, 3331
Let k(v) = 4*v**3 - 6*v**2 + 9*v - 1. Suppose -47 = -5*y + 4*w, 30 - 14 = 4*y + 4*w. List the prime factors of k(y).
2, 3, 5, 19
Let o(y) = -y**3 + 40*y**2 - 39*y + 4. Let i be o(39). Suppose -2*q = -4*l - 6*q + 1228, q = -i*l + 1231. List the prime factors of l.
2, 7, 11
Suppose 229*h - 45903 = 398246 + 13393. List the prime factors of h.
2, 3, 37
Let b = 11443 - -15572. What are the prime factors of b?
3, 5, 1801
Suppose -6*g + g = n + 2626, -n = -2*g - 1049. List the prime factors of 2199/45 - 7/(g/10).
7
Let x(h) = -6908*h + 496. List the prime factors of x(-2).
2, 1789
Let i = 27 - 23. Suppose 2*l + i*l = 24. Suppose 3*d = -3, -l*p - 7*d + 72 = -3*d. What are the prime factors of p?
19
Suppose -10011 + 3169 = 4*q - 6*q. List the prime factors of q.
11, 311
Let j(u) = 162*u - 2. Let x be j(3). Suppose 3*v = -43 + x. List the prime factors of v.
3, 7
Suppose 3*b = y + 4821, 5*y - 8055 = -5*b - 0*b. Suppose 0 = -10*q + 6*q + b. Suppose r + q = 7*r. What are the prime factors of r?
67
Suppose -5*i + 1433 + 2767 = 0. Suppose -2*l = 2*r - i, 5*l + 0*l - 2109 = -2*r. What are the prime factors of l?
3, 47
Suppose -2*n + 10467 = -3*l, -3*n = -49*l + 53*l - 15709. List the prime factors of n.
3, 5, 349
Let k be -2*(155/(-90) + 4/18). Suppose 648 = 3*s - 4*f, -s + 117 + 104 = -k*f. Suppose -d - d = -s. What are the prime factors of d?
2, 53
Let p = -6 - -5. Let y be -2 + p + 1 + 2. Suppose y = -10*z + 3*z + 266. List the prime factors of z.
2, 19
Let t(f) = -3517*f - 6562. List the prime factors of t(-13).
3, 19, 229
Let n = -16 - -17. Let u be n + (-4 + 4 - -2). Suppose 784 = u*a + 5*a. List the prime factors of a.
2, 7
What are the prime factors of (40/6 - 4/24)*1430 + 1?
2, 7, 83
Suppose -76*y = -2341030 + 803246. List the prime factors of y.
2, 67, 151
Suppose -3*k = -4*r - 15, -4*r + k - 36 = 5*k. List the prime factors of (r + 5)/(4/5844*-3).
487
Let f be 2745/(-1)*96/(-160). Suppose -287 + f = 5*b. What are the prime factors of b?
2, 17
Let g be (1 - 5) + (-26 - -28). List the prime factors of (141 + g)/(13/26).
2, 139
Let i(f) = -40*f - 3. Let w be i(5). Let p = 731 + -1040. Let l = w - p. List the prime factors of l.
2, 53
Suppose 145 = w + 142, 0 = -4*v + w + 6545. List the prime factors of v.
1637
Let y(f) = f**2 - f - 49. Let t be y(8). Suppose -t*i = -2*i - 20. What are the prime factors of 4 + 7/(-2) - (-774)/i?
2, 97
Let x = 86440 - 57144. List the prime factors of 8/10 + (x/(-10))/(-8).
367
Let h(t) = t**3 - 11*t**2 - 27*t + 15. Let y be h(13). Suppose -3*a = -2*j - 3010 + 249, -y*a = 4*j - 1830. List the prime factors of a.
919
Suppose -6*l - 2286 + 6474 = 0. Let r = -398 + l. List the prime factors of r.
2, 3, 5
Let h(z) = 26*z**3 - 123 + 27 + 31*z**2 - 14*z**3 + 6*z - 13*z**3. List the prime factors of h(30).
2, 3, 41
Suppose -d = 6*g - 34115 - 20199, -2*g + 4*d = -18122. List the prime factors of g.
11, 823
Suppose -7*n - 6*n + 72913 = -83191. List the prime factors of n.
2, 19, 79
Let v = -76 - -86. Suppose -y + 187 = v*y. Suppose 4*w = y*w - 676. What are the prime factors of w?
2, 13
Let y be 4/(-18) - 272/72 - -6. List the prime factors of (74/(-4))/(3/(-12))*y.
2, 37
Suppose -d - 5*b - 13 = 0, -2*d - 21 = 3*b - 9. Let c(h) be the second derivative of 17*h**4/12 - 5*h**3/6 - 15*h**2/2 - 5*h. List the prime factors of c(d).
3, 17
Suppose 0 = -6*m + 72 + 312. Suppose -1160 = -68*f + m*f. Suppose 5*w = f + 120. List the prime factors of w.
2, 41
Suppose -238*n + 236*n - 3*q = -9778, q + 4899 = n. List the prime factors of n.
5, 11, 89
Suppose 7*r - 4049 - 5562 = 0. Suppose -3438 = -7*l - r. List the prime factors of l.
5, 59
Let f be ((-756)/315)/(3/(-5)). Let q(u) = -6*u**2 - 5*u + 0 + 13*u + 4 + 2*u**3. What are the prime factors of q(f)?
2, 17
Let u(n) = -10*n**2 - 12*n - 66. Let y be u(-7). Let m = y - -699. List the prime factors of m.
227
Let t = 8653 + -5219. List the prime factors of t.
2, 17, 101
Let m be (-48)/(-10)*(24 - -1